-39).
-12
Let t(s) = 2*s**3 - 20*s**2 - 62*s + 299. Calculate t(11).
-141
Let z(m) = 2*m**2 + 38*m - 83. Give z(10).
497
Let m(t) = -15*t**3 - 612*t**2 - 481*t - 37. What is m(-40)?
3
Let p(b) = 760*b + 17973. Determine p(-17).
5053
Let u(p) = 3879*p - 1152. Give u(-1).
-5031
Let n(w) = -33487*w + 368352. Calculate n(11).
-5
Let j(d) = -d**3 + 6*d**2 + 94*d - 73. What is j(-11)?
950
Let r(w) = 13887*w - 13876. Calculate r(1).
11
Let d(m) = -186*m**2 - 287*m + 13. What is d(-3)?
-800
Let g(x) = 2296629*x + 9186510. What is g(-4)?
-6
Let f(n) = n**3 + 10*n**2 - 115*n - 922. Calculate f(-8).
126
Let j(u) = -u**3 - 522*u**2 + 3692*u - 5808. What is j(-529)?
11
Let z(h) = 121*h**2 + 47568*h + 5897. Calculate z(-393).
2
Let s(l) = 89453*l + 715595. Give s(-8).
-29
Let h(g) = g**3 - 117*g**2 + 365*g - 1332. What is h(114)?
1290
Let d(i) = 4*i**3 - 1469*i**2 - 1151*i + 17304. Calculate d(368).
8
Let y(t) = 691*t + 1571. Give y(-4).
-1193
Let l(m) = 3337889*m - 10013653. What is l(3)?
14
Let h(f) = 578*f + 21809. Calculate h(-35).
1579
Let h(o) = -2*o**3 + 30*o**2 - 64*o - 159. Give h(16).
-1695
Let i(h) = h**3 - 51*h**2 + 308*h - 15710. What is i(51)?
-2
Let n(v) = -41*v**2 - 169*v - 200. What is n(-7)?
-1026
Let z(g) = 78*g**2 - 119*g - 678. What is z(-6)?
2844
Let h(l) = -l**3 + 120*l**2 + 3464*l + 151. Calculate h(-24).
-41
Let i(t) = 26*t**3 + 7*t**2 + 104*t - 564. Determine i(5).
3381
Let v(k) = -117*k**2 - 19884*k - 19883. Calculate v(-1).
-116
Let d(f) = -22144*f - 2037206. Give d(-92).
42
Let v(n) = -15*n**2 - 22*n + 55325. Give v(60).
5
Let v(r) = 4*r**2 - 751*r + 5806. What is v(8)?
54
Let i(t) = 121*t**2 - 813*t - 38. Determine i(10).
3932
Let d(l) = -13*l**2 - 5481*l + 27413. What is d(5)?
-317
Let h(o) = -146715*o + 880282. Calculate h(6).
-8
Let k(y) = 109*y**2 - 39775*y - 3508. Give k(365).
142
Let h(m) = 7967*m - 1067570. What is h(134)?
8
Let g(u) = 32526*u - 32648. Calculate g(1).
-122
Let v(f) = 52*f**2 - 13817*f - 45964. What is v(269)?
35
Let f(b) = 3*b**3 + 13*b**2 - 16*b - 30. Give f(-6).
-114
Let g(c) = c**2 + 18*c - 21796. What is g(139)?
27
Let d(f) = 123*f**2 + 1474*f - 69. What is d(-12)?
-45
Let w(x) = -11*x**3 - 437*x**2 + 115*x + 120. Calculate w(-40).
320
Let q(d) = 1207*d - 65001. Calculate q(54).
177
Let t(y) = 14507*y + 130629. Determine t(-9).
66
Let c(d) = 248*d**2 - 420*d - 11449. Calculate c(-6).
-1
Let v(s) = 17*s**2 + 59*s + 90. What is v(-2)?
40
Let z(y) = -131*y**2 - 1780*y - 36. What is z(-14)?
-792
Let a(l) = -l**2 + 1269*l - 227440. What is a(216)?
8
Let x(z) = -72*z - 4296. Determine x(-59).
-48
Let l(y) = y**2 + 133*y + 4403. Determine l(-54).
137
Let w(i) = 15*i**2 + 479*i - 3554. Calculate w(7).
534
Let r(j) = 8190*j + 1809984. Determine r(-221).
-6
Let m(a) = -2*a**2 + 60*a + 296. Calculate m(16).
744
Let j(b) = -24*b**2 + 1234*b - 7440. Calculate j(7).
22
Let o(n) = 10*n**2 - 5579*n + 11146. Calculate o(2).
28
Let j(k) = k**2 - 3168*k - 57342. Calculate j(-18).
6
Let v(y) = 23*y**2 + 5561*y - 121829. Determine v(-262).
1
Let v(g) = 858*g + 445293. Determine v(-519).
-9
Let q(m) = 10*m**3 - 2*m**2 - 25*m + 164. Determine q(-6).
-1918
Let t(k) = k**3 + 3*k**2 - 77*k - 204. Calculate t(-4).
88
Let k(c) = -11*c**2 + 24157*c + 24156. Give k(-1).
-12
Let q(h) = h**3 + 8*h**2 - 198*h - 1183. What is q(-6)?
77
Let t(r) = 45*r**3 - 5491*r**2 + 114*r + 983. What is t(122)?
7
Let p(g) = 183*g - 4561. Calculate p(29).
746
Let h(z) = 27*z**3 + 680*z**2 + 160*z + 870. What is h(-25)?
-5
Let b(t) = -11*t**3 + 12*t**2 - 462*t - 2367. Determine b(-5).
1618
Let k(h) = -h**3 + 34*h**2 - 68*h + 2415. Determine k(34).
103
Let i(d) = -3*d**2 + 2777*d - 115527. Calculate i(882).
15
Let z(t) = -16*t**2 + 15*t - 12. Give z(1).
-13
Let h(r) = -3485*r - 20911. Determine h(-6).
-1
Let k(c) = -146*c**3 - 15*c**2 - 116*c - 217. What is k(-3)?
3938
Let k(d) = 2*d**2 - 8164*d - 106461. Calculate k(-13).
9
Let x(z) = 223876*z + 1791004. Give x(-8).
-4
Let s(i) = 1441*i**2 - 5*i - 8. Give s(1).
1428
Let g(s) = s**3 + 236*s**2 + 4067*s - 12143. Give g(-217).
9
Let j(q) = -1237*q**2 + 4935*q + 31. Determine j(4).
-21
Let h(z) = 3112*z + 18755. Determine h(-6).
83
Let v(f) = -129*f**2 - 7736*f + 138. Give v(-60).
-102
Let o(f) = 2*f**3 - 78*f**2 + 3295*f - 122320. Determine o(38).
2
Let p(w) = -w**3 - 137*w**2 - 2577*w - 5403. Give p(-115).
2
Let b(l) = -l**2 + 378*l - 28268. Determine b(102).
-116
Let v(p) = -4*p**3 + 5*p**2 + 101*p - 226. Determine v(2).
-36
Let n(x) = 343*x - 36671. Determine n(107).
30
Let m(h) = 565*h**2 - 8479*h + 52. Determine m(15).
-8
Let f(d) = 2*d**2 - 52*d + 194. Calculate f(6).
-46
Let s(x) = -1098989*x - 26375739. What is s(-24)?
-3
Let n(x) = -64547*x - 2194616. Determine n(-34).
-18
Let h(w) = -32266*w - 1968167. Determine h(-61).
59
Let j(v) = -v**3 - 428*v**2 + 795*v - 27947. Calculate j(-430).
3
Let g(y) = y**3 + 144*y**2 - 83618*y + 727. Calculate g(-370).
-13
Let x(r) = 52492*r - 16797427. Calculate x(320).
13
Let j(b) = -12962*b + 518422. Calculate j(40).
-58
Let w(p) = 4*p**3 - 519*p**2 + 4880*p - 919. Calculate w(10).
-19
Let r(x) = x**3 - 69*x**2 + 946*x + 8565. What is r(40)?
5
Let z(c) = 68*c**2 + 1759*c + 4483. Determine z(-23).
-2
Let t(b) = -b**3 + 128*b**2 + 212*b + 6301. What is t(130)?
61
Let b(z) = -z**3 - 67*z**2 - 103*z + 1800. Determine b(-65).
45
Let p(i) = 21*i**2 + 6151*i - 582. Determine p(-293).
4
Let d(m) = 36*m**3 - 6*m**2 + 30*m - 2. Give d(3).
1006
Let o(u) = 6*u**3 + 485*u**2 - 2131*u - 721. What is o(-85)?
-211
Let g(m) = -7371*m + 22591. Determine g(3).
478
Let j(d) = -d**3 + 4*d**2 + 52*d - 333. Give j(6).
-93
Let m(g) = -2*g**2 - 28281*g - 310882. Determine m(-11).
-33
Let g(u) = 12*u**3 + 906*u**2 - 436*u + 1467. What is g(-76)?
-53
Let x(u) = -2367*u + 662766. Give x(280).
6
Let f(d) = -662*d**2 + 168150*d - 535. What is f(254)?
-27
Let z(o) = o**3 - 23*o**2 + 230*o - 954. Determine z(7).
-128
Let d(l) = 2947*l + 1178845. What is d(-400)?
45
Let j(f) = 4*f**3 - 3*f**2 + 37*f - 35. What is j(-8)?
-2571
Let p(q) = -q**2 - 163*q + 17009. Give p(-236).
-219
Let v(r) = -139*r**2 - 5273*r + 47. Calculate v(-38).
-295
Let p(q) = 4*q**3 + 8*q**2 + 489*q + 3073. Determine p(-6).
-437
Let f(j) = 259*j - 12428. What is f(45)?
-773
Let l(q) = q**3 - 315*q**2 + 2447*q + 2769. Determine l(307).
6
Let j(w) = 341*w - 77260. Calculate j(228).
488
Let u(h) = -h**3 - 988*h**2 - 3877*h + 262. Calculate u(-4).
26
Let i(y) = 3*y**3 + 908*y**2 - 320*y - 4749. Determine i(-303).
402
Let z(x) = 60799*x - 182400. Determine z(3).
-3
Let n(b) = 62*b**2 + 860*b - 57. Give n(-14).
55
Let q(p) = -94*p - 2105. Calculate q(-12).
-977
Let l(r) = -366291*r + 1098868. Determine l(3).
-5
Let h(r) = r**3 + 71*r**2 - 1489*r - 115124. Calculate h(-68).
0
Let d(q) = -q**2 + 117*q + 191442. Determine d(-383).
-58
Let k(d) = -4*d**2 + 825*d - 32888. What is k(54)?
-2
Let y(a) = -a**3 - 43*a**2 + 17*a + 66. Determine y(-43).
-665
Let s(r) = 18417*r - 681432. What is s(37)?
-3
Let n(v) = -9*v**2 + 184*v - 332. What is n(19)?
-85
Let n(a) = a**2 + 396*a + 53. Give n(0).
53
Let q(i) = -6508*i - 1965408. What is q(-302)?
8
Let l(n) = -2*n**3 - 86*n**2 + 1470*n - 336. Calculate l(-56).
-1120
Let m(l) = 2*l**3 + 478*l**2 - 4470*l + 199. What is m(-248)?
1687
Let b(k) = -k**2 + 4450*k + 31201. What is b(-7)?
2
Let l(s) = 2*s**3 - 138*s**2 - 8*s + 255. Calculate l(69).
-297
Let t(d) = 10141*d - 537262. Determine t(53).
211
Let r(q) = q**2 + 85*q - 309. Give r(-81).
-633
Let i(b) = -b**3 - 23*b**2 + 499*b + 2943. Determine i(-5).
-2
Let j(h) = 2*h**3 - 1413*h**2 + 100797*h - 6858. Determine j(626).
28
Let v(g) = 5*g + 527. Determine v(47).
762
Let j(c) = 38921*c + 2. What is j(0)?
2
Let o(x) = -18769*x + 4072866. Give o(217).
-7
Let d(y) = 115*y - 11651. What is d(92)?
-1071
Let w(v) = -v**3 + 24*v**2 - 147*v + 125. Calculate w(14).
27
Let s(z) = -z**3 - 127*z**2 + 59*z - 8904. Determine s(-128).
-72
Let m(p) = -4*p**2 - 98*p - 854. What is m(-9)?
-296
Let l(q) = 9161*q**2 - 4443084*q - 483. Give l(485).
2
Let k(y) = 3*y**3 - 144*y**2 - 31*y + 1227. Calculate k(48).
-261
Let y(i) = 3357574*i - 47006038. What is y(14)?
-2
Let k(r) = 2232*r + 354856. Calculate k(-159).
-32
Let k(z) = -15*z**2 - 185*z - 615. Give k(-3